{"id":19,"date":"2018-08-24T17:00:45","date_gmt":"2018-08-24T15:00:45","guid":{"rendered":"http:\/\/welift.fr\/?page_id=19"},"modified":"2020-11-08T22:14:37","modified_gmt":"2020-11-08T21:14:37","slug":"a-propos-de","status":"publish","type":"page","link":"https:\/\/welift.fr\/?page_id=19","title":{"rendered":"\u00c0 propos de"},"content":{"rendered":"\n<p>Cr\u00e9\u00e9 en 2015, le r\u00e9seau WELIFT est le fruit de mes 20 ans d&#8217;exp\u00e9rience dans le domaine de l&#8217;\u00e9tude (et l&#8217;installation) de solutions de mobilit\u00e9s verticales (ascenseurs, \u00e9l\u00e9vateur vertical) et le d\u00e9veloppement d&#8217;un r\u00e9seau de distribution francophone pour le compte de grandes marques su\u00e9doise et allemande. <\/p>\n\n\n\n<p>De nombreuses solutions standards sont aujourd&#8217;hui facilement disponibles sur les march\u00e9s europ\u00e9ens et 80% de la demande peut \u00eatre satisfaite rapidement. N\u00e9anmoins de nombreuses configurations du b\u00e2tis existant ne permettent pas l&#8217;installation d&#8217;un ascenseur privatif ou public et oblige les propri\u00e9taires \u00e0 faire des choix et des sacrifices.<\/p>\n\n\n\n<p>Ainsi WELIFT s&#8217;est sp\u00e9cialis\u00e9 dans la recherche de partenaires fiables et flexibles pouvant apporter les solutions <strong>SUR-MESURE<\/strong> aux demandes sp\u00e9cifiques de nos clients fran\u00e7ais, suisses et belges. <\/p>\n\n\n\n<p>La marque su\u00e9doise NAMI-LIFT AB est le premier fabricant \u00e0 rejoindre le r\u00e9seau WELIFT et reste aujourd&#8217;hui, cinq ans plus tard notre plus important partenaire, vrai sp\u00e9cialiste du sur-mesure du tr\u00e8s petit \u00e9l\u00e9vateur vertical aux imposants monte-charge 1000kg (plus de d\u00e9tails dans la rubrique Nami-Lift).<\/p>\n\n\n\n<figure class=\"wp-block-embed-vimeo wp-block-embed is-type-video is-provider-vimeo wp-embed-aspect-16-9 wp-has-aspect-ratio\"><div class=\"wp-block-embed__wrapper\">\n<iframe title=\"Pr&amp;eacute;sentation Nami-Lift AB\" src=\"https:\/\/player.vimeo.com\/video\/299537549?dnt=1&amp;app_id=122963\" width=\"525\" height=\"295\" frameborder=\"0\" allow=\"autoplay; fullscreen\" allowfullscreen><\/iframe>\n<\/div><figcaption>Pr\u00e9sentation de notre partenaire Nami-Lift AB<\/figcaption><\/figure>\n\n\n\n<p>Suivi par la marque allemande LIFT WERK HERKULES pour la r\u00e9alisation de robustes \u00e9l\u00e9vateurs verticaux tout en acier inoxydable. <\/p>\n\n\n\n<p>Vous avez une demande? Nous avons la solution ! <\/p>\n\n\n\n<p>Mickael LINDNER<\/p>\n","protected":false},"excerpt":{"rendered":"<p>Cr\u00e9\u00e9 en 2015, le r\u00e9seau WELIFT est le fruit de mes 20 ans d&#8217;exp\u00e9rience dans le domaine de l&#8217;\u00e9tude (et l&#8217;installation) de solutions de mobilit\u00e9s verticales (ascenseurs, \u00e9l\u00e9vateur vertical) et le d\u00e9veloppement d&#8217;un r\u00e9seau de distribution francophone pour le compte de grandes marques su\u00e9doise et allemande. De nombreuses solutions standards sont aujourd&#8217;hui facilement disponibles sur &hellip; <\/p>\n<p class=\"link-more\"><a href=\"https:\/\/welift.fr\/?page_id=19\" class=\"more-link\">Continue reading<span class=\"screen-reader-text\"> &#8220;\u00c0 propos de&#8221;<\/span><\/a><\/p>\n","protected":false},"author":1,"featured_media":0,"parent":0,"menu_order":0,"comment_status":"closed","ping_status":"closed","template":"","meta":[],"_links":{"self":[{"href":"https:\/\/welift.fr\/index.php?rest_route=\/wp\/v2\/pages\/19"}],"collection":[{"href":"https:\/\/welift.fr\/index.php?rest_route=\/wp\/v2\/pages"}],"about":[{"href":"https:\/\/welift.fr\/index.php?rest_route=\/wp\/v2\/types\/page"}],"author":[{"embeddable":true,"href":"https:\/\/welift.fr\/index.php?rest_route=\/wp\/v2\/users\/1"}],"replies":[{"embeddable":true,"href":"https:\/\/welift.fr\/index.php?rest_route=%2Fwp%2Fv2%2Fcomments&post=19"}],"version-history":[{"count":3,"href":"https:\/\/welift.fr\/index.php?rest_route=\/wp\/v2\/pages\/19\/revisions"}],"predecessor-version":[{"id":93,"href":"https:\/\/welift.fr\/index.php?rest_route=\/wp\/v2\/pages\/19\/revisions\/93"}],"wp:attachment":[{"href":"https:\/\/welift.fr\/index.php?rest_route=%2Fwp%2Fv2%2Fmedia&parent=19"}],"curies":[{"name":"wp","href":"https:\/\/api.w.org\/{rel}","templated":true}]}}

À propos de

<p>Créé en 2015, le réseau WELIFT est le fruit de mes 20 ans d&#8217;expérience dans le domaine de l&#8217;étude (et l&#8217;installation) de solutions de mobilités verticales (ascenseurs, élévateur vertical) et le développement d&#8217;un réseau de distribution francophone pour le compte de grandes marques suédoise et allemande. </p>



<p>De nombreuses solutions standards sont aujourd&#8217;hui facilement disponibles sur les marchés européens et 80% de la demande peut être satisfaite rapidement. Néanmoins de nombreuses configurations du bâtis existant ne permettent pas l&#8217;installation d&#8217;un ascenseur privatif ou public et oblige les propriétaires à faire des choix et des sacrifices.</p>



<p>Ainsi WELIFT s&#8217;est spécialisé dans la recherche de partenaires fiables et flexibles pouvant apporter les solutions <strong>SUR-MESURE</strong> aux demandes spécifiques de nos clients français, suisses et belges. </p>



<p>La marque suédoise NAMI-LIFT AB est le premier fabricant à rejoindre le réseau WELIFT et reste aujourd&#8217;hui, cinq ans plus tard notre plus important partenaire, vrai spécialiste du sur-mesure du très petit élévateur vertical aux imposants monte-charge 1000kg (plus de détails dans la rubrique Nami-Lift).</p>



<figure class="wp-block-embed-vimeo wp-block-embed is-type-video is-provider-vimeo wp-embed-aspect-16-9 wp-has-aspect-ratio"><div class="wp-block-embed__wrapper">
<iframe title="Pr&amp;eacute;sentation Nami-Lift AB" src="https://player.vimeo.com/video/299537549?dnt=1&amp;app_id=122963" width="525" height="295" frameborder="0" allow="autoplay; fullscreen" allowfullscreen></iframe>
</div><figcaption>Présentation de notre partenaire Nami-Lift AB</figcaption></figure>



<p>Suivi par la marque allemande LIFT WERK HERKULES pour la réalisation de robustes élévateurs verticaux tout en acier inoxydable. </p>



<p>Vous avez une demande? Nous avons la solution ! </p>



<p>Mickael LINDNER</p>

<p>Créé en 2015, le réseau WELIFT est le fruit de mes 20 ans d&#8217;expérience dans le domaine de l&#8217;étude (et l&#8217;installation) de solutions de mobilités verticales (ascenseurs, élévateur vertical) et le développement d&#8217;un réseau de distribution francophone pour le compte de grandes marques suédoise et allemande. De nombreuses solutions standards sont aujourd&#8217;hui facilement disponibles sur &hellip; </p>
<p class="link-more"><a href="https://welift.fr/?page_id=19" class="more-link">Continue reading<span class="screen-reader-text"> &#8220;À propos de&#8221;</span></a></p>
